1
Let p(v) = 5*v + 2. Let s(g) = 9*g + 3. Let i(x) = 7*p(x) - 4*s(x). What is the units digit of i(1)?
1
Suppose 5*b + 20 = 65. Let p = b - 6. What is the units digit of p?
3
Suppose 3*j = j + 24. Suppose -3*l + 2*t - 9 = -3, 0 = -4*l + 4*t - j. Suppose -2 = -2*y, 3*n + 2*n - 4*y - 81 = l. What is the tens digit of n?
1
Let o = -34 + 24. Let z = o + 5. What is the units digit of (2/(-2))/(z/25)?
5
Let k be 2 - ((-2)/(-1))/(-2). Let g(t) = t**3 - 6*t**2 + 6*t - 3. Let p be g(5). Let b = k + p. What is the units digit of b?
5
Let k(x) = -x**3 - 4*x**2 - 2*x + 3. Let g be k(-3). Suppose 5*v - 180 = -g*v. Suppose 0 = -2*j + 6*j - v. What is the units digit of j?
9
Let y = 12 - 7. Let j(b) = -b + 5. Let x be j(y). Suppose x*a = -5*u + a + 4, 3*u = -4*a + 7. What is the units digit of u?
1
Let t(c) = -c**2 + 8*c + 3. Let q be (0 - -1) + 0 + 1. Let f be ((-7)/q)/(9/(-18)). What is the units digit of t(f)?
0
Let g(y) = 2*y + 4. Let o(i) = 4*i + 9. Let z(q) = 7*g(q) - 3*o(q). What is the units digit of z(2)?
5
Let s(x) = -36*x - 1. What is the units digit of s(-1)?
5
Let j(z) be the second derivative of 2*z**3 - 7*z**2/2 - 3*z. What is the units digit of j(5)?
3
Suppose -5*v - 109 = -z, -4*z + 574 = z + 4*v. What is the units digit of z?
4
Let x(g) = -g**2 + 9*g + 9. Let c be 1/(-2)*-16 + 1. Let p be x(c). Let z = p + -1. What is the units digit of z?
8
Let c(a) be the first derivative of 8*a**3 - a**2/2 + 2. Let r be c(1). Let m = 40 - r. What is the tens digit of m?
1
Suppose -3*h + 2*o + 3*o = -8, -5*o - 28 = 2*h. Let s be 0*(0 - (-1)/2). Let p = s - h. What is the units digit of p?
4
Let m = 0 + 3. Suppose -m*r + 45 + 36 = 0. What is the tens digit of r?
2
Let v(n) = n**3 + 10*n**2 + 8*n - 3. Let s be v(-9). What is the tens digit of s/(-9) + (-256)/(-6)?
4
What is the tens digit of (-1608)/(-21) + 20/(-35)?
7
Suppose 5*g + 4*z - 221 = 0, 4*z = 5*z + 1. What is the units digit of g?
5
Let b(l) = -l + 5. Let g be b(5). Suppose -q - 3*i + 9 = g, 0 = -3*q - 2*i + 6*i + 53. What is the units digit of (9/2)/(q/20)?
6
Let f(j) = -2 + j - 5 + j**2 + 6. Let x be f(-3). Suppose -11 = -2*z - k, 0 = -z + 2*z + k - x. What is the units digit of z?
6
Let x = 10 - 31. Suppose 0 = 2*a - 5*a - 108. Let m = x - a. What is the tens digit of m?
1
Let j be 18/(-27) - 17/(-3). What is the units digit of ((-12)/j)/(9/(-30))?
8
Let d(i) = -i**3 - 2*i**2 - 4*i - 2. Let w be d(-3). Suppose w = 8*a - 7*a. What is the units digit of a?
9
Let d = -2 + 8. Suppose 0*z = -2*c - 2*z, -3*z = c + d. Suppose 0 = 2*i - c - 13. What is the units digit of i?
8
Suppose t + t = 0. Suppose 0 = -v + s + 23, t*v + 5*v + 4*s = 124. Suppose -4*q + v = -0*q. What is the units digit of q?
6
Suppose -4*v - 3*f + 24 = 0, 7 = -6*v + 3*v + 4*f. What is the tens digit of v/5 - (-924)/60?
1
Suppose 2*b - 1 = 5. Suppose 0 = -3*z + 4*z - b. What is the units digit of z?
3
Let x = 20 - 8. Suppose x = 6*i - 2*i. What is the units digit of i?
3
Let o(t) = -16*t + 24. Let a(k) = 3*k - 5. Let g(x) = -11*a(x) - 2*o(x). What is the tens digit of g(-5)?
1
Let c(b) = 12 - 91*b + 28 + 92*b. What is the units digit of c(0)?
0
Suppose 13*g + 369 = 16*g. What is the hundreds digit of g?
1
Let r = 15 + -32. Let k = -6 - r. Let t = -4 + k. What is the units digit of t?
7
Let a(k) = -4*k**2. Let i be a(-1). Let v(g) = 7*g**2 - g - 9. Let d(s) = s**2 - s - 1. Let t(r) = 6*d(r) - v(r). What is the units digit of t(i)?
7
Suppose 7*x = 3*x + 16. Let f(t) = -4*t**3 + 5*t**3 + 5*t - 5*t**2 + 1 - 3 + 0*t. What is the units digit of f(x)?
2
Suppose 60 = 5*g - g. Let o be ((-2)/6)/((-5)/g). Suppose 0*q - q + o = 0. What is the units digit of q?
1
Suppose 57 = -z + 4*z. What is the units digit of z?
9
Let q(j) = j**2 - 6*j + 6. Let x be q(7). Let u be -1*2*x/2. Let t = -5 - u. What is the units digit of t?
8
Let x = 381 + -225. What is the tens digit of x?
5
Let a = -182 + 94. Let b be 6/9 - a/3. What is the tens digit of (b/4 - 1)*2?
1
Let p = 89 + -46. Let c = 1 + 4. Suppose -2*y = c*x - p, y + 24 = -2*x + 6*x. What is the units digit of x?
7
What is the hundreds digit of 4/8*-8 + 127?
1
Suppose -2*z = -z - 2*g + 8, 3*g = -5*z - 1. Let l be (0/(-2 + 5))/z. Let t = l - -11. What is the units digit of t?
1
Let j = 6 + 0. Let m(d) = -d**3 + 5*d**2 + 7*d + 6. What is the tens digit of m(j)?
1
Let g be (-4)/10 - 92/(-5). Let u = -13 + 10. Let t = u + g. What is the units digit of t?
5
Let c(v) = v**2 + 12*v + 4. Let s(a) = a**2 - a. Let p(u) = c(u) + s(u). What is the tens digit of p(-7)?
2
Let p(n) = -23*n + 3. What is the units digit of p(-1)?
6
Let d = 6 - 4. Let a be 1/1*0/d. Let q = a - -1. What is the units digit of q?
1
Let y(s) = 57*s - 35. What is the hundreds digit of y(4)?
1
Let d = 32 - -2. What is the tens digit of d?
3
Suppose -5*z + z + 8 = 0. Suppose 32 = 3*t - z*u - 2*u, -t = 5*u + 2. What is the units digit of t?
8
Let h(j) = -j**2 - 4*j. Let w be h(-3). Let a = 32 - w. What is the tens digit of a?
2
Let l = -16 + 22. Let q(j) = j**2 - 7*j + 7. What is the units digit of q(l)?
1
Let h = 30 - 2. What is the tens digit of h?
2
Let t(h) be the second derivative of h**4/6 + h**3/6 - 4*h. Let v be t(1). Suppose -3*l + 0 = -v. What is the units digit of l?
1
Let f be 40/(-2)*6/(-12). Let x = f + -9. What is the units digit of (8/12)/(x/21)?
4
Let k(r) = -2*r - 8. Let m be k(-6). Suppose x = -a - m*a + 125, -2*a + 2*x = -50. What is the tens digit of a?
2
Let z be (22/6)/(1/(-3)). Suppose -4*y = -2*y - 50. Let c = y + z. What is the tens digit of c?
1
Let w(j) = j**2 + 3*j - 1. Let q be w(-8). Let y = -23 + q. What is the units digit of y?
6
Let n(i) = -2*i + 1. Suppose 0 = 3*h + 5*c - 1 - 2, -c - 13 = 4*h. What is the units digit of n(h)?
9
Let u = 19 + -13. Let s = u + 1. What is the units digit of s?
7
Let j be (-14)/(-49) + (-439)/(-7). Let a = 120 - j. What is the tens digit of a?
5
Let x be (-75)/(-9)*1*3. Suppose -x = -20*b + 15*b. What is the units digit of b?
5
Suppose 2*t + 3*p - 4 = -5, -4*p + 60 = -5*t. Let r = t + 27. Suppose 3*k - 2*k - r = 0. What is the units digit of k?
9
Suppose s - 4*s + 234 = 0. What is the units digit of s?
8
Suppose -7*t + 10*t = -4*n + 524, 4*t = -n + 690. What is the tens digit of t?
7
Let t(b) = -b**3 + 8*b**2 - 7*b - 2. Let k be t(6). Suppose -4*g + 2*w + k = 0, 4*g + 4*w + 1 = g. Let u(h) = -h + 7. What is the units digit of u(g)?
2
Let t(h) = -10*h + 1. Suppose 0 = k - 5*k + 8. Suppose 0*c + 13 = 2*i - 5*c, k*c + 8 = -2*i. What is the tens digit of t(i)?
1
Let w be 0*1/(-2) - 3. What is the tens digit of 17/(w/(1 - 4))?
1
Let f(p) = -p**3 - 3*p**2 + 4*p + 6. Let q be f(-5). Let d = -24 + q. What is the units digit of (-2 - -3)*(d - -5)?
7
Let o(n) = -n**3 + 7*n**2 - 6*n + 2. Let j be o(6). Suppose 3*s = 12, j*c + s - 3 = c. What is the units digit of (2*c)/(0 + -2)?
1
Suppose -26 = n - 98. Suppose -8 = 4*a - n. What is the tens digit of a?
1
Let h be -3*((-51)/(-9) + 2). Let a = h - -36. What is the tens digit of a?
1
Let y(i) = -7*i - 4. What is the units digit of y(-5)?
1
Let q = 124 - 16. What is the tens digit of q/8 - (-2)/(-4)?
1
Suppose -4*j - 3*b = -15, -j - 5 = -2*b + 5. Suppose v - 3*a = 2*v - 5, -4*a = j. Suppose 2*s + s - 4*o = v, 48 = 4*s + 5*o. What is the units digit of s?
7
Let f(h) = -h**3 - 6*h**2 - 3*h + 3. Let j be f(-6). Suppose -39 - j = -5*i. What is the units digit of i?
2
Let s(v) be the second derivative of v**3/2 - v**2 + 5*v. Suppose -4*i - 5 + 4 = -3*k, -4*k + 18 = 3*i. What is the units digit of s(k)?
7
Let u(q) = q**3 + 6*q**2 - q - 1. Let r be u(-6). Let p = 16 - r. Suppose -3*k + p + 4 = 0. What is the units digit of k?
5
Let q(k) be the third derivative of -k**5/60 + 3*k**4/8 + 5*k**3/3 - 3*k**2. What is the units digit of q(9)?
0
Let j = -17 + 11. Let k(x) = -x**2 - 6*x + 3. Let w be k(j). Suppose -s = -2*s - w, -u + 4*s + 17 = 0. What is the units digit of u?
5
Suppose -10 = -p - 5*j + 6, 18 = 2*p + 3*j. Suppose -2*y = -l - 0*y - p, -y = -l - 1. Suppose 9 = -k + l*k. What is the units digit of k?
3
Suppose 0 = -0*n + n. Suppose 3*u + u - 8 = n. Suppose -5*r - 5*s = -3 - 2, -4*r + u*s + 34 = 0. What is the units digit of r?
6
Suppose v + 1 = -0*v, -3*c + 207 = -3*v. Suppose c = 5*p - 4*h, -p - 6 = -2*p - 3*h. What is the units digit of 